nder when 244 is divided by 83?
78
Calculate the remainder when 10180 is divided by 76.
72
Calculate the remainder when 133 is divided by 35.
28
Calculate the remainder when 351 is divided by 44.
43
Calculate the remainder when 199 is divided by 40.
39
Calculate the remainder when 555 is divided by 8.
3
What is the remainder when 361 is divided by 26?
23
What is the remainder when 790 is divided by 73?
60
What is the remainder when 59 is divided by 15?
14
Calculate the remainder when 815 is divided by 269.
8
Calculate the remainder when 260 is divided by 72.
44
What is the remainder when 416 is divided by 135?
11
What is the remainder when 344 is divided by 87?
83
Calculate the remainder when 179 is divided by 14.
11
Calculate the remainder when 3463 is divided by 15.
13
Calculate the remainder when 1545 is divided by 38.
25
What is the remainder when 3902 is divided by 29?
16
What is the remainder when 10910 is divided by 56?
46
Calculate the remainder when 183 is divided by 59.
6
Calculate the remainder when 355 is divided by 204.
151
Calculate the remainder when 303 is divided by 28.
23
Calculate the remainder when 34 is divided by 7.
6
What is the remainder when 125 is divided by 18?
17
Calculate the remainder when 67 is divided by 23.
21
What is the remainder when 167 is divided by 28?
27
Calculate the remainder when 2980 is divided by 42.
40
What is the remainder when 3285 is divided by 11?
7
Calculate the remainder when 145 is divided by 5.
0
Calculate the remainder when 2477 is divided by 59.
58
Calculate the remainder when 190 is divided by 39.
34
What is the remainder when 177 is divided by 94?
83
Calculate the remainder when 184 is divided by 87.
10
Calculate the remainder when 2091 is divided by 23.
21
Calculate the remainder when 7116 is divided by 113.
110
What is the remainder when 181 is divided by 93?
88
Calculate the remainder when 399 is divided by 27.
21
What is the remainder when 409 is divided by 88?
57
Calculate the remainder when 26375 is divided by 218.
215
What is the remainder when 315 is divided by 16?
11
Calculate the remainder when 155 is divided by 41.
32
Calculate the remainder when 317 is divided by 32.
29
Calculate the remainder when 1966 is divided by 47.
39
Calculate the remainder when 926 is divided by 16.
14
What is the remainder when 148 is divided by 71?
6
Calculate the remainder when 1523 is divided by 156.
119
Calculate the remainder when 104 is divided by 88.
16
Calculate the remainder when 1330 is divided by 18.
16
What is the remainder when 132 is divided by 35?
27
Calculate the remainder when 260 is divided by 8.
4
What is the remainder when 4775 is divided by 3?
2
What is the remainder when 4577 is divided by 270?
257
What is the remainder when 69 is divided by 31?
7
Calculate the remainder when 278 is divided by 20.
18
What is the remainder when 516 is divided by 88?
76
Calculate the remainder when 372 is divided by 20.
12
Calculate the remainder when 224 is divided by 33.
26
What is the remainder when 194 is divided by 28?
26
Calculate the remainder when 387 is divided by 27.
9
Calculate the remainder when 594 is divided by 153.
135
What is the remainder when 95 is divided by 63?
32
Calculate the remainder when 21729 is divided by 103.
99
What is the remainder when 77 is divided by 26?
25
What is the remainder when 777 is divided by 27?
21
Calculate the remainder when 1202 is divided by 9.
5
What is the remainder when 398 is divided by 40?
38
Calculate the remainder when 4064 is divided by 368.
16
What is the remainder when 192 is divided by 39?
36
What is the remainder when 85 is divided by 39?
7
What is the remainder when 2614 is divided by 19?
11
Calculate the remainder when 120 is divided by 18.
12
What is the remainder when 46 is divided by 25?
21
Calculate the remainder when 61 is divided by 16.
13
What is the remainder when 31 is divided by 4?
3
What is the remainder when 57277 is divided by 160?
157
What is the remainder when 851 is divided by 4?
3
Calculate the remainder when 70 is divided by 45.
25
Calculate the remainder when 524 is divided by 88.
84
Calculate the remainder when 1166 is divided by 456.
254
Calculate the remainder when 295 is divided by 52.
35
What is the remainder when 1797 is divided by 95?
87
What is the remainder when 7999 is divided by 29?
24
What is the remainder when 1062 is divided by 71?
68
What is the remainder when 49 is divided by 30?
19
Calculate the remainder when 1934 is divided by 194.
188
What is the remainder when 131 is divided by 117?
14
What is the remainder when 145 is divided by 55?
35
What is the remainder when 176 is divided by 38?
24
Calculate the remainder when 177 is divided by 84.
9
Calculate the remainder when 2274 is divided by 66.
30
What is the remainder when 280 is divided by 15?
10
Calculate the remainder when 17114 is divided by 7.
6
What is the remainder when 153 is divided by 78?
75
What is the remainder when 1194 is divided by 21?
18
What is the remainder when 31 is divided by 7?
3
What is the remainder when 323 is divided by 65?
63
What is the remainder when 240 is divided by 22?
20
Calculate the remainder when 81 is divided by 28.
25
Calculate the remainder when 940 is divided by 23.
20
Calculate the remainder when 134 is divided by 32.
6
What is the remainder when 4624 is divided by 18?
16
What is the remainder when 4051 is divided by 14?
5
What is the remainder when 732 is divided by 21?
18
What is the remainder when 4904 is divided by 91?
81
What is the remainder when 1965 is divided by 58?
51
What is the remainder when 3694 is divided by 22?
20
What is the remainder when 422 is divided by 35?
2
Calculate the remainder when 5963 is divided by 36.
23
Calculate the remainder when 1043 is divided by 37.
7
Calculate the remainder when 868 is divided by 202.
60
Calculate the remainder when 201 is divided by 67.
0
What is the remainder when 103 is divided by 33?
4
Calculate the remainder when 57 is divided by 7.
1
What is the remainder when 145 is divided by 143?
2
What is the remainder when 134 is divided by 22?
2
Calculate the remainder when 900 is divided by 17.
16
What is the remainder when 3132 is divided by 1038?
18
Calculate the remainder when 52 is divided by 6.
4
Calculate the remainder when 192 is divided by 15.
12
Calculate the remainder when 1182 is divided by 79.
76
What is the remainder when 3583 is divided by 895?
3
Calculate the remainder when 8606 is divided by 8606.
0
What is the remainder when 140 is divided by 13?
10
What is the remainder when 2714 is divided by 118?
0
Calculate the remainder when 696 is divided by 17.
16
What is the remainder when 230 is divided by 139?
91
What is the remainder when 819 is divided by 138?
129
Calculate the remainder when 1118 is divided by 82.
52
Calculate the remainder when 48 is divided by 17.
14
Calculate the remainder when 119 is divided by 11.
9
Calculate the remainder when 321 is divided by 23.
22
Calculate the remainder when 2969 is divided by 11.
10
What is the remainder when 66 is divided by 23?
20
What is the remainder when 2318 is divided by 193?
2
Calculate the remainder when 105 is divided by 97.
8
What is the remainder when 2842 is divided by 135?
7
What is the remainder when 140 is divided by 28?
0
What is the remainder when 3496 is divided by 7?
3
What is the remainder when 1882 is divided by 44?
34
Calculate the remainder when 227 is divided by 6.
5
Calculate the remainder when 763 is divided by 78.
61
Calculate the remainder when 419 is divided by 118.
65
Calculate the remainder when 91 is divided by 37.
17
Calculate the remainder when 24 is divided by 20.
4
Calculate the remainder when 13 is divided by 3.
1
Calculate the remainder when 11127 is divided by 44.
39
What is the remainder when 130 is divided by 44?
42
What is the remainder when 1724 is divided by 33?
8
What is the remainder when 785 is divided by 80?
65
What is the remainder when 1343 is divided by 331?
19
What is the remainder when 2264 is divided by 356?
128
What is the remainder when 6569 is divided by 62?
59
What is the remainder when 12197 is divided by 214?
213
What is the remainder when 74 is divided by 5?
4
Calculate the remainder when 505 is divided by 36.
1
Calculate the remainder w